?
True
Does 12 divide 5568?
True
Is 30 a factor of 240?
True
Is 645 a multiple of 22?
False
Is 14 a factor of 124628?
True
Does 76 divide 1976?
True
Is 12 a factor of 37476?
True
Does 62 divide 11156?
False
Is 1577 a multiple of 19?
True
Is 1254 a multiple of 67?
False
Is 1334 a multiple of 30?
False
Is 29 a factor of 149?
False
Is 384 a multiple of 4?
True
Is 9 a factor of 1609?
False
Is 4254 a multiple of 15?
False
Does 13 divide 4294?
False
Is 99 a multiple of 10?
False
Is 92 even?
True
Is 20 a factor of 26017?
False
Does 70 divide 980?
True
Is 8360 a multiple of 88?
True
Is 6600 a multiple of 182?
False
Is 129331 a multiple of 24?
False
Is 25605 a multiple of 10?
False
Does 24 divide 3384?
True
Is 10620 a multiple of 36?
True
Is 25465 a multiple of 137?
False
Does 22 divide 6496?
False
Does 10 divide 11790?
True
Is 3285 a multiple of 4?
False
Is 570 a multiple of 3?
True
Does 24 divide 2340?
False
Is 463 even?
False
Is 6004 a multiple of 13?
False
Is 298 a multiple of 56?
False
Is 13387 a multiple of 2?
False
Does 16 divide 477?
False
Is 14 a factor of 756?
True
Does 19 divide 698?
False
Is 20 a factor of 8080?
True
Does 54 divide 2052?
True
Is 596 a multiple of 149?
True
Is 76 a factor of 7980?
True
Is 1561 a multiple of 19?
False
Is 117 a multiple of 40?
False
Does 14 divide 1007?
False
Is 4065 a multiple of 15?
True
Is 50 a factor of 394?
False
Is 128 a factor of 31104?
True
Is 47 a factor of 3149?
True
Is 62 a factor of 28582?
True
Is 17 even?
False
Is 1052 a multiple of 5?
False
Is 16 a factor of 1352?
False
Does 12 divide 176?
False
Is 10 a factor of 980?
True
Does 15 divide 148232?
False
Is 178 a factor of 4141?
False
Is 6615 a multiple of 9?
True
Does 253 divide 948?
False
Does 113 divide 2236?
False
Is 11 even?
False
Is 7 a factor of 12698?
True
Does 42 divide 3037?
False
Does 22 divide 168146?
True
Is 122214 a multiple of 171?
False
Is 633 a multiple of 11?
False
Is 7 a factor of 35749?
True
Is 11090 a multiple of 8?
False
Is 14 a factor of 10570?
True
Is 1156 a multiple of 34?
True
Is 11 a factor of 1043?
False
Is 17731 a multiple of 119?
True
Is 10 a factor of 1150?
True
Is 100 a factor of 338?
False
Does 96 divide 9331?
False
Does 57 divide 4432?
False
Does 28 divide 2873?
False
Is 10350 a multiple of 9?
True
Does 22 divide 6580?
False
Does 39 divide 59865?
True
Is 1194 a multiple of 10?
False
Does 73 divide 23433?
True
Does 13 divide 944?
False
Is 168 a multiple of 2?
True
Is 11 a factor of 6072?
True
Is 13 a factor of 39?
True
Is 5 a factor of 465?
True
Is 7 a factor of 58268?
True
Is 837 a multiple of 27?
True
Is 129 a multiple of 43?
True
Is 16452 a multiple of 18?
True
Is 525 a multiple of 15?
True
Is 600 a multiple of 37?
False
Does 16 divide 1064?
False
Is 1315 a multiple of 99?
False
Is 14 a factor of 9016?
True
Is 22 a factor of 6468?
True
Is 4590 a multiple of 17?
True
Is 33934 a multiple of 47?
True
Is 12776 a multiple of 8?
True
Is 97 a multiple of 6?
False
Does 25 divide 3780?
False
Does 171 divide 3591?
True
Is 36 a factor of 1296?
True
Is 10 a factor of 3980?
True
Is 214 a factor of 63130?
True
Is 264 even?
True
Is 47 a factor of 7614?
True
Is 1131 a multiple of 6?
False
Is 229 a multiple of 48?
False
Is 6 a factor of 162?
True
Is 41 a factor of 39144?
False
Does 323 divide 8075?
True
Does 17 divide 5693?
False
Is 64 a factor of 24320?
True
Is 121 a factor of 4748?
False
Is 65 a factor of 910?
True
Is 10 a factor of 297?
False
Does 13 divide 8039?
False
Is 1917 a multiple of 7?
False
Does 13 divide 16939?
True
Is 2704 a multiple of 16?
True
Is 448 a multiple of 18?
False
Does 37 divide 999?
True
Is 3 a factor of 1578?
True
Is 4166 a multiple of 9?
False
Is 3 a factor of 573?
True
Is 37 a factor of 185?
True
Is 1277 a multiple of 26?
False
Is 8344 a multiple of 93?
False
Is 17 a factor of 51?
True
Is 45050 a multiple of 27?
False
Is 68 a factor of 3292?
False
Is 2332 a multiple of 18?
False
Is 92 a factor of 828?
True
Is 12 a factor of 2073?
False
Is 17 a factor of 24792?
False
Is 22 a multiple of 14?
False
Is 39 a factor of 546?
True
Is 4087 a multiple of 20?
False
Is 93296 a multiple of 119?
True
Is 17 a factor of 1088?
True
Does 53 divide 6754?
False
Is 572 a multiple of 11?
True
Is 21 a factor of 2373?
True
Does 29 divide 11397?
True
Is 5085 a multiple of 55?
False
Is 21 a factor of 246?
False
Is 7898 a multiple of 11?
True
Is 55215 a multiple of 9?
True
Does 19 divide 15242?
False
Is 19 a factor of 18544?
True
Is 345 a multiple of 51?
False
Is 9 a factor of 1061?
False
Is 8 a factor of 63?
False
Is 16 a factor of 19110?
False
Is 88788 a multiple of 302?
True
Does 98 divide 5494?
False
Does 17 divide 458?
False
Is 4807 a multiple of 23?
True
Is 300 a multiple of 8?
False
Is 15 a factor of 540?
True
Is 92 a factor of 9883?
False
Does 20 divide 480?
True
Is 123 a factor of 60393?
True
Is 48 a factor of 10012?
False
Does 8 divide 15712?
True
Is 6 a factor of 16002?
True
Is 54504 a multiple of 36?
True
Is 2444 a multiple of 4?
True
Does 3 divide 1890?
True
Is 244 a multiple of 3?
False
Is 78041 a multiple of 80?
False
Does 36 divide 684?
True
Does 6 divide 200?
False
Is 10 a factor of 3043?
False
Does 71 divide 35467?
False
Does 32 divide 320?
True
Is 468 a multiple of 18?
True
Is 99 a factor of 2871?
True
Is 3337 a multiple of 47?
True
Does 66 divide 13134?
True
Does 38 divide 1205?
False
Does 63 divide 2319?
False
Is 27 a factor of 34393?
False
Is 241 a factor of 34704?
True
Is 14 a factor of 44254?
True
Is 2570 a multiple of 5?
True
Does 126 divide 20916?
True
Is 5 a factor of 294?
False
Is 144 a factor of 288?
True
Is 500 a multiple of 10?
True
Does 8 divide 280?
True
Does 219 divide 17932?
False
Is 1682 a multiple of 29?
True
Does 32 divide 22098?
False
Is 5568 a multiple of 73?
False
Is 137 a factor of 26139?
False
Does 57 divide 1019?
False
Is 15 a factor of 2002?
False
Does 41 divide 1662?
False
Does 61 divide 1037?
True
Does 15 divide 45?
True
Is 14 a factor of 8923?
False
Is 4 a factor of 1009?
False
Is 3 a factor of 87?
True
Does 3 divide 136?
False
Is 9680 a multiple of 121?
True
Is 1044 a multiple of 18?
True
Is 1157 a multiple of 17?
False
Is 19845 a multiple of 45?
True
Does 8 divide 5739?
False
Is 302 a multiple of 13?
False
Does 167 divide 3747?
False
Is 15 a factor of 705?
True
Is 97 a factor of 194?
True
Does 72 divide 288?
True
Is 998 a multiple of 3?
False
Is 608 a multiple of 38?
True
Is 73 a factor of 20586?
True
Is 6804 a multiple of 84?
True
Does 2 divide 77?
False
Is 124 a factor of 2480?
True
Is 19 a factor of 171?
True
Is 15 a factor of 1065?
True
Is 21 a factor of 1176?
True
Is 1773 a multiple of 9?
True
Is 12224 a multiple of 109?
False
Is 67 a factor of 10009?
False
Does 3 divide 433?
False
Is 3 a factor of 447?
True
Does 9 divide 1422?
True
Does 13 divide 897?
True
Is 315 a multiple of 21?
True
Is 42024 a multiple of 206?
True
Is 4 a factor of 5109?
False
Is 18 a factor of 1052?
False
Is 6 a factor of 42?
True
Is 54 a factor of 270?
True
Does 32 divide 384?
True
Does 240 divide 70800?
True
Is 39 a factor of 1255?
False
Is 608 a multiple of 30?
False
Is 29 a factor of 696?
True
Is 138 a factor of 9798?
True
Is 296 a multiple of 29?
False
Does 45 divide 6346?
False
Is 869 a multiple of 7?
False
Is 882 a multiple of 18?
True
Is 1212 a multiple of 9?
False
Does 165 divide 18022?
False
Is 6052 a multiple of 29?
False
Is 12 a factor of 4110?
False
Is 33 a factor of 1573?
False
Is 1235 a multiple of 49?
False
Is 90573 a multiple of 13?
False
Is 365 a multiple of 22?
False
Is 30468 a multiple of 126?
False
Is 169 a factor of 23491?
True
Is 3578 a multiple of 18?
False
Is 43992 a multiple of 18?
True
Is 92 a factor of 920?
True
Does 18 divide 1453?
False
Is 1302 a multiple of 14?
True
Does 69 divide 3519?
True
Is 1295 a multiple of 35?
True
Does 254 divide 5744?
False
Is 12 a factor of 3996?
True
Does 198 divide 990?
True
Does 28 divide 65548?
True
Is 99 a factor of 12573?
True
Does 29 divide 2001?
True
Is 17030 a multiple of 3?
False
Does 11 divide 10596?
False
Does 84 divide 5544?
True
Does 31 divide 619?
False
Does 171 divide 23427?
True
Does 65 divide 3127?
False
Does 39 divide 2807?
False
Does 14 divide 552?
False
Is 20 a factor of 451?
False
Is 10835 a multiple of 12?
False
Is 18